ne x(-269).
-51
Let u(o) = o**3 - 9*o**2 - 2177*o + 35. Give u(-43).
-2502
Let v(s) = -s**3 + 470*s**2 + 21*s - 9898. Determine v(470).
-28
Let v(o) = -o + 85. Calculate v(81).
4
Let c(u) = -u**3 + 19*u**2 - 34*u + 143. What is c(10)?
703
Let v(s) = 5*s**3 + 67*s**2 + 3829*s + 54187. Calculate v(-14).
-7
Let v(b) = -3*b**3 + 95*b**2 + 864*b + 125. Calculate v(39).
359
Let f(j) = -885*j**2 - 82302*j + 455. What is f(-93)?
176
Let u(x) = -428*x - 12081. Determine u(-28).
-97
Let l(g) = 6*g**3 + 17*g**2 - 438*g - 1731. Determine l(-4).
-91
Let f(n) = 55651*n + 1558230. Give f(-28).
2
Let t(w) = -2*w**3 + 123*w**2 - 197*w + 1277. What is t(60)?
257
Let m(s) = 3*s**3 + 920*s**2 + 605*s - 2250. What is m(-306)?
-108
Let b(t) = 1047*t + 11967. Give b(-11).
450
Let g(m) = -8*m**2 - 3501*m + 214022. Give g(-492).
2
Let i(d) = 5*d**3 - 4*d**2 + 6518*d - 6517. Determine i(1).
2
Let u(y) = -4923*y - 93481. Calculate u(-19).
56
Let d(b) = -905*b - 518553. Calculate d(-573).
12
Let s(w) = -68*w**3 - 3*w**2 + 199*w + 572. Calculate s(-3).
1784
Let s(o) = -869*o + 13304. Give s(15).
269
Let d(b) = 5*b**2 + 558*b + 15564. Calculate d(-59).
47
Let s(n) = -2*n**2 + 198144*n - 9. Give s(0).
-9
Let j(n) = 144*n + 4187. Give j(-19).
1451
Let g(y) = y**2 - 3898*y + 722089. Calculate g(195).
4
Let b(z) = 225*z**2 + 1334*z + 1335. Determine b(-1).
226
Let a(h) = -453*h**3 - 51189*h**2 - 4*h - 549. Determine a(-113).
-97
Let z(b) = 3*b**2 - 737*b + 2949. Calculate z(4).
49
Let g(w) = -w**3 + 78*w**2 - 1066*w + 76384. Calculate g(77).
231
Let t(n) = -407*n + 112732. Give t(277).
-7
Let u(n) = -59447*n + 297241. What is u(5)?
6
Let m(b) = -195*b**2 - 1373*b - 25. What is m(-7)?
31
Let h(a) = -45*a**2 - 11704*a - 1126. Determine h(-260).
-86
Let h(s) = 2*s**2 - 1185*s - 238081. Give h(751).
-14
Let y(r) = 146*r + 10580. Calculate y(-68).
652
Let q(m) = 887*m + 3455. Determine q(-4).
-93
Let k(q) = -2*q**3 + 51*q**2 - 315*q - 50. Give k(15).
-50
Let s(v) = -v**3 + 130*v**2 + 263*v + 17140. What is s(133)?
-948
Let u(t) = 16825*t - 100922. Give u(6).
28
Let m(v) = 1345*v + 220608. Give m(-164).
28
Let l(j) = 46011*j + 230063. Give l(-5).
8
Let g(a) = 80184*a - 481121. Calculate g(6).
-17
Let a(n) = 106*n**3 + 681*n**2 - 25*n - 109. Give a(-5).
3791
Let i(a) = -a**3 + 32*a**2 + 154*a - 3951. Calculate i(33).
42
Let y(r) = -499*r + 2152. Determine y(4).
156
Let u(j) = -3980*j - 7882. What is u(-2)?
78
Let n(l) = -2*l**3 + 168*l**2 + 22459*l - 374. Calculate n(-72).
-14
Let p(m) = 62289*m + 62287. Determine p(-1).
-2
Let v(x) = x**3 + 57*x**2 + 791*x + 642. Give v(-35).
-93
Let i(t) = -102*t**2 - 1798*t + 2628. Give i(-19).
-32
Let s(u) = -2130*u + 40460. Calculate s(19).
-10
Let j(d) = -d**2 + 66*d + 29546. Determine j(-141).
359
Let o(n) = 139*n - 21428. What is o(152)?
-300
Let d(y) = y**3 - 60*y**2 + 110*y - 28311. What is d(65)?
-36
Let n(y) = 13*y**3 - 147*y**2 + 293*y - 201. Give n(9).
6
Let c(h) = 335*h + 18244. Calculate c(-54).
154
Let p(o) = 34*o**3 + 432*o**2 - 165*o - 450. Determine p(-13).
5
Let m(v) = -7*v**2 - 668*v + 155036. Calculate m(-204).
-4
Let g(d) = d**3 + 25*d**2 + 194*d + 2978. Determine g(-22).
162
Let t(o) = -8*o**2 - 2476*o + 75574. What is t(28)?
-26
Let p(n) = 2*n**3 + 346*n**2 + 2638*n - 333. Determine p(-165).
-3
Let p(m) = -13*m**2 - 8206*m + 195617. Give p(23).
2
Let h(p) = -106808*p + 320419. Give h(3).
-5
Let f(p) = -48*p**3 + 3118*p**2 - 5918*p - 251. Give f(63).
1
Let q(a) = 123*a + 8290. Calculate q(-66).
172
Let o(v) = 2*v**3 + 9*v**2 - 16*v - 165. Give o(-8).
-485
Let g(i) = 12208*i - 915560. Determine g(75).
40
Let j(o) = -6945*o + 34726. What is j(5)?
1
Let r(w) = -25409*w + 76145. Determine r(3).
-82
Let s(r) = -r**3 + 51*r**2 + 123*r - 72. Calculate s(0).
-72
Let l(r) = -34*r**3 + 3808*r**2 - 2*r + 207. Calculate l(112).
-17
Let s(r) = 2*r**2 + 86*r - 317. Calculate s(-58).
1423
Let t(o) = -2*o**3 - 89*o**2 - 608*o + 144. Calculate t(-36).
0
Let w(j) = -9*j**3 + 389*j**2 - 1546*j - 12. Give w(4).
-548
Let o(m) = -1916*m**2 - 91949*m + 907. What is o(-48)?
-5
Let p(y) = -75800*y - 1591801. What is p(-21)?
-1
Let f(b) = b**3 + 2*b**2 - 161*b + 103. Calculate f(-10).
913
Let j(u) = -28*u**2 - 3842*u + 11521. Determine j(3).
-257
Let m(h) = 4396747*h + 30777221. What is m(-7)?
-8
Let v(l) = -121*l**2 - 9034*l + 3105. Determine v(-75).
30
Let w(z) = -948*z - 4341. What is w(-6)?
1347
Let j(n) = -n**3 - 2081*n**2 - 8463*n - 629. Calculate j(-4).
-9
Let i(z) = 18*z + 141. Determine i(-11).
-57
Let r(s) = 5*s**2 + 1677*s + 14747. Give r(-9).
59
Let t(q) = -15*q**2 + 9513*q + 84884. Determine t(643).
8
Let i(m) = -m**2 - 8828*m - 79351. What is i(-9)?
20
Let b(c) = -2*c**3 + 193*c**2 - 178*c + 7824. Give b(96).
-48
Let b(s) = s**2 + 2563*s - 125295. Calculate b(48).
33
Let k(a) = 517*a**2 + 146*a - 3. What is k(-1)?
368
Let h(q) = -2*q**3 + 102*q**2 - 290*q + 27. Give h(3).
21
Let h(p) = -p**2 + 117*p - 2675. Determine h(33).
97
Let n(g) = g**3 + 84*g**2 + 1099*g - 683. Determine n(-17).
-3
Let j(x) = 3*x**2 - 1132*x - 67951. Calculate j(430).
-11
Let g(r) = 15474*r + 200038. Calculate g(-13).
-1124
Let c(d) = d**3 - 55*d**2 + 696*d + 1614. Give c(29).
-68
Let g(o) = -10597*o + 328508. Determine g(31).
1
Let q(k) = 41*k**2 + 10*k + 45. Determine q(2).
229
Let l(m) = -m**3 + 16*m**2 + 304*m - 272. What is l(26)?
872
Let g(m) = -21*m**3 - m**2 - 4193*m - 4194. Give g(-1).
19
Let q(n) = -97*n + 398. Determine q(8).
-378
Let h(n) = -n**2 + 1649*n + 136504. Determine h(-79).
-8
Let m(g) = -g**3 - 90*g**2 + 890*g - 252. Determine m(-99).
-153
Let y(l) = 6371*l + 127477. Calculate y(-20).
57
Let s(b) = b**3 + 190*b**2 + 6112*b + 514. What is s(-149)?
67
Let c(d) = -d**2 + 2001*d + 308778. Determine c(-144).
-102
Let q(t) = -t**3 - 6*t**2 - 79*t + 9. Give q(0).
9
Let k(z) = 33876*z - 813035. What is k(24)?
-11
Let s(y) = 6656*y + 47140. Give s(-7).
548
Let g(y) = -1280*y**2 + 10262*y - 180. Determine g(8).
-4
Let r(z) = -17319*z - 432994. What is r(-25)?
-19
Let u(t) = -t**2 - 162*t + 33048. Calculate u(118).
8
Let a(g) = -15*g**3 - 14*g**2 - 235*g - 1176. Determine a(-6).
2970
Let b(c) = -c**3 + 38*c**2 + 880*c + 356. Give b(-16).
100
Let o(h) = 60*h**3 + 8273*h**2 - 965*h + 115. Give o(-138).
-23
Let j(p) = 645*p + 32120. Give j(-50).
-130
Let k(r) = 5352512*r + 21410042. Give k(-4).
-6
Let u(l) = -51*l**2 - 65*l - 74. Give u(-3).
-338
Let m(g) = 25*g**2 - 1220*g - 46598. Determine m(74).
22
Let i(m) = -3500*m - 3334. Determine i(-1).
166
Let t(j) = 8973*j - 98768. Give t(11).
-65
Let p(i) = -i**3 - 146*i**2 - 103*i + 5989. Calculate p(-145).
-101
Let b(n) = 103014*n - 515069. What is b(5)?
1
Let t(c) = 4006*c**2 + 4424*c - 5. Calculate t(-1).
-423
Let d(v) = 49*v - 267. What is d(14)?
419
Let t(c) = -587113*c + 587080. Determine t(1).
-33
Let m(q) = -322*q**2 - 15135*q - 116. Determine m(-47).
-69
Let o(u) = -u**2 - 256*u - 8059. Give o(-219).
44
Let i(m) = -m**2 - 37813*m + 34. Determine i(0).
34
Let b(h) = -128583*h - 900138. Determine b(-7).
-57
Let b(v) = 5238045*v + 20952183. Give b(-4).
3
Let w(l) = -l**2 - 145*l - 3410. What is w(-103)?
916
Let w(j) = -28815*j - 28800. Give w(-1).
15
Let h(t) = -1323*t + 93917. What is h(71)?
-16
Let t(j) = 5861*j - 47060. Give t(8).
-172
Let a(m) = m**2 + 14*m - 48535. Determine a(212).
-623
Let b(g) = -7*g**2 - 3281*g + 40357. Determine b(12).
-23
Let r(x) = -2*x**3 - 37*x**2 + 1267*x + 19419. What is r(-14)?
-83
Let k(s) = -14676*s - 396258. Give k(-27).
-6
Let o(d) = -17*d**2 + 1368*d + 2045. Calculate o(82).
-87
Let l(t) = 1265*t - 311104. Determine l(246).
86
Let y(a) = -a**3 - 7*a**2 - 34*a - 437. Calculate y(-11).
421
Let j(u) = -u**2 - 26197*u - 889447. Determine j(-34).
95
Let x(o) = -o**2 - 377*o + 62012. Give x(123).
512
Let d(j) = j**3 + 17021*j**2 + 153104*j + 33. Calculate d(-9).
69
Let r(j) = -519*j - 18467. What is r(-32)?
-1859
Let s(c) = 2*c**2 + 95418*c + 4765889. Give s(-50).
-11
Let a(w) = 4*w**3 + 124*w**2 + 125*w + 3663. Determine a(-31).
-212
Let a(n) = -716*n**2 - 388058*n + 7576. Determine a(-542).
-12
Let x(m) = -m**2 + 581*m + 2892. Determine x(0).
2892
Let m(f) = 137*f**2 - 56838*f - 64062. What is m(416)?
2
Let k(b) = -5*b**3 + 1306*b**2 - 85282*b + 96. Give k(131).
-3